= -t**2 + t - 1. Let c be (-3)/12 - 1/(-4). Let o be i(c). What is x(o)?
-1
Let x = -6 - -11. Let o = x + 0. Let c(d) = d - 5. Determine c(o).
0
Let h(t) be the first derivative of -1/3*t**3 - 2*t**2 + 3*t - 1. Give h(-5).
-2
Let t(g) be the third derivative of g**5/60 + g**4/12 - 2*g**3/3 - 3*g**2. Let l be t(-4). Let h(a) = 4*a + 4*a - 2*a - l*a. What is h(2)?
4
Suppose -4*h = -0*h - 4. Let a(c) = -5*c - 1. Determine a(h).
-6
Suppose -20 = 6*o - 32. Let d(r) be the first derivative of 1/2*r**4 - o - 1/2*r**2 + 0*r**3 + 0*r. Calculate d(1).
1
Let v(u) be the first derivative of -u**3/3 - 3*u**2 + 2*u - 13. What is v(-3)?
11
Suppose -5*w + 12*w - 7 = 0. Let k(y) = 10*y**3 - 2*y + 1. What is k(w)?
9
Let m(g) = -3 + g**3 + 0*g**3 + 1 + g**2. Let u(q) = -q**2 - 8*q - 5. Let y be u(-7). Let x be (-14)/(-7) + (-4)/y. What is m(x)?
-2
Let r(s) = -3*s - 10. Let u be r(-3). Let x(d) = 0*d - 11*d**2 - d + 3 - 4. Determine x(u).
-11
Let c(g) = -6*g**3 + g + 1. Let h(d) = -d**2 + 5*d + 5. Let x(l) = -l**3 - 10*l**2 + 3*l + 11. Let f be x(-10). Let w = -13 - f. Let v be h(w). Give c(v).
6
Let f(m) = m**2 + 12. Let t be (2 - 2)/(4/2). Calculate f(t).
12
Let v(c) = 2*c + 9. Let d be v(-6). Let l(h) = h**3 + 3*h**2 - 3*h - 3. Give l(d).
6
Suppose -n = -5 - 11. Let j = 22 - n. Let c(b) be the third derivative of b**5/60 - b**4/3 + 3*b**3/2 - 4*b**2. What is c(j)?
-3
Let m(p) = -p**2 - 5*p - 4. Let b = 8 - 11. Let h be m(b). Suppose 3*k + 5*g = 7, -2*k + h*g - 4 - 2 = 0. Let q(r) = r - 1. Calculate q(k).
-2
Let d(b) = -b**2 + 2. Let k be 0*(9/(-6))/(-3). Suppose k = 2*g + 3*a + 9, 0 = -g - 3*a - 6. Give d(g).
-7
Let q(l) = l - 1. Let w be q(7). Let r(k) = 0 - 6*k + 3 - w. Determine r(-2).
9
Let f(l) = l - 1. Suppose -96 = -5*p + m, -4*m - 15 = -3*p + 29. Let x be (3/(-4))/((-5)/p). Give f(x).
2
Let q(y) = 2*y - 4 + 2 - 3*y - y**3 - 6*y**2 + 4. Determine q(-6).
8
Let o(r) = 2*r - 6. Let y be o(5). Suppose 0 = -4*p + 2*z + 14, -2 = -2*z - y. Suppose -4*t = -3*j + j + 18, -3*j + p*t + 18 = 0. Let s(q) = 2*q + 3. Give s(j).
9
Let l(f) = -f**2 - 5*f + 1. Let k be l(-4). Let v(j) = -3 + j**2 - j**2 - 4*j**2 - 2*j**2 + j**3 + 4*j. Determine v(k).
-8
Let g(x) = 2*x - 5. Suppose 12 = 2*m - 4*m. Let n = -2 - m. What is g(n)?
3
Let p(q) = q**3 - q**2 + 1. Let j(z) = 12*z**3 - 11*z**2 + 11. Let t = -5 + 1. Let c(o) = t*j(o) + 44*p(o). What is c(1)?
-4
Let x be -1*(-3 + 3 - 3). Let m(j) = -j**2 - j**2 + j**2. Let f(i) = -4*i**2 - 2*i + 3. Let c(u) = -f(u) + 5*m(u). Calculate c(x).
-6
Suppose k - b + 6 = 0, 5*k = 2*b - 23 - 7. Let o(s) = s**3 + 5*s**2 - 7*s - 9. Let g(j) = -j**3 - 6*j**2 + 8*j + 9. Let t(y) = k*g(y) - 7*o(y). Determine t(0).
9
Suppose -2*j = -2*m - 2, 8 = -2*j - 4*m + 4. Let g(b) be the third derivative of -1/24*b**4 - 2*b**2 - 1/6*b**3 + 0 + j*b. Determine g(-6).
5
Let q(k) = -k**2 + 2*k + 1. Let w = -9 + 11. Suppose t - 3 = -2*z, -4*t + z + 12 = -w*z. Calculate q(t).
-2
Let s(k) = k**3 + k**2 - 2*k - 1. Let f be 0/(3 + -8) - (2 + 0). What is s(f)?
-1
Let f = 0 - -3. Suppose -q + 7 = -4*q + 5*x, -f*x - 15 = -5*q. Let z(l) = -l**3 + 6*l**2 - l + 4. Calculate z(q).
-2
Let i = -5 - -11. Let j(c) be the second derivative of -c**4/12 + 4*c**3/3 - 3*c**2 + 4*c. Determine j(i).
6
Suppose 0 = 5*b - 4*j - 33 - 2, 5*j = -4*b - 13. Let q(v) = -5 + v - v**2 - b*v**3 + 1 + 5*v**3 - 3*v**3. What is q(0)?
-4
Let l(x) be the first derivative of -4 - 1/6*x**3 - 1/2*x**4 + 1/2*x**2 + 3*x. Let n(r) be the first derivative of l(r). Calculate n(1).
-6
Let r = -5 + 9. Let v(d) = -5*d + 5. Let u(i) = 4*i - 1 + 1 - 4. Let s(j) = r*u(j) + 3*v(j). Determine s(5).
4
Suppose -5*a = 5 - 35. Let z(l) = -l. What is z(a)?
-6
Let i be (-51)/(-15) - 6/(-10). Let n(m) = -i*m**2 + 10 - 3*m - m**3 - 10. Give n(-3).
0
Let h(b) = 1 - 4*b - b**2 + 7*b + 0*b. Give h(2).
3
Let c be 2/(-7) - 60/(-14). Suppose -l - 28 = -34. Suppose -2 = -c*k + l. Let r(z) = 4*z + 2. What is r(k)?
10
Let c = -23 + 49/2. Let r(g) be the second derivative of 0 + 5/6*g**3 + 2*g + c*g**2 + 1/20*g**5 - 1/2*g**4. Give r(4).
-9
Let q(z) = -z**2 - z + 3. Let o = -4 + 6. Suppose p = -3*f - 3, 0*p + o*p + 3 = -3*f. Determine q(p).
3
Let d(r) = -r**2 - 5*r. Let x = 9 - 4. Let l(i) = x*i - 6 - 6*i - 1. Let v be l(-3). Give d(v).
4
Let w be 13 + -1 + 1 + -3. Let t be 3/(6/w) - 0. Let i(m) = 3*m - 4. Calculate i(t).
11
Let d(o) be the third derivative of -o**6/120 + o**5/30 + o**4/12 + 6*o**2. Give d(3).
-3
Let x(v) = -v**2 + v. Let m(u) = 3*u**3 - 3*u**2 + u. Suppose 0*r + 6 = -r. Let p = r + 4. Let y(c) = p*x(c) + m(c). Give y(-1).
-3
Let v(h) = -h**2 - h - 2. Suppose 0 = -5*c + 2*o + 10, -3*c = -4*o - o + 13. Let a(s) = -s**2 - 2*s - 1. Let x(t) = c*v(t) - 5*a(t). Calculate x(-5).
-8
Let n(y) be the second derivative of 7*y**6/120 - y**4/12 - y**3/6 - y**2 + y. Let z(u) be the first derivative of n(u). Give z(-1).
-6
Let g be (-3 + 4 + 2)*2. Let a(x) = -4*x + 8. Calculate a(g).
-16
Let j(c) = 3*c**2 + 2*c + 1. Let l(a) = -5*a**2 - 5*a - 1. Let m(n) = -7*j(n) - 4*l(n). Give m(4).
5
Suppose -2*f - t + 10 = 0, -4*f + 0*t + 2*t = -4. Suppose 3*w - 7*w + 32 = 0. Let n be w/(-12) - 4/f. Let h(r) = -r**2 + r + 1. Determine h(n).
-5
Let r(a) = 3*a - 3. Let f = 9 + -6. Determine r(f).
6
Let d(t) = -t**2 + 12*t - 9. Let z be d(11). Let k(v) = -2 + 0*v**3 + v + 0*v - 3*v**2 + 2*v**3. Give k(z).
4
Let b be 1/3 + 32/12. Let x(h) = -2 - 3*h**2 + 3 + h**b + 2*h**2 + 4*h**2 - 5*h. Let p = 5 - 9. Determine x(p).
5
Suppose 5*q = p - 45 + 16, -4*p + 4*q = -36. Let a(w) = -4 - w**3 - 3*w + p - 2*w**2 + 4*w**2. Give a(2).
-6
Suppose t = k - 2*t + 15, k + 2*t - 5 = 0. Let q(s) = -s**3 - s**2 + 3*s + 2. What is q(k)?
11
Let n(b) = -2*b - 8. Let f be n(-6). Let w(h) = -2 - 2 - f*h**3 + 6*h + 3*h**3 + 5*h**2. Give w(6).
-4
Let r(s) = -s + 1. Suppose -9 = 5*l - 5*n + 6, -n - 1 = 0. Let q be 20 + -2 - l/2. Let o be (-3)/(-9) - q/(-12). What is r(o)?
-1
Let x(k) = -2*k**2 - k + 2. Let i = 8 + -11. Let v be (8/6 + -2)*i. Calculate x(v).
-8
Let l(g) = -g**3 - 7*g**2 - 7*g - 9. Suppose -5*v + 43 = -4*u + 4, v + 9 = -2*u. Calculate l(u).
-3
Suppose 0 = -2*k - 4, -2*j - 6 - 8 = 2*k. Let f(u) = u - 3. Let y(a) = -2*a + 2. Let c(v) = 3*f(v) + 2*y(v). What is c(j)?
0
Let s(z) be the first derivative of 1/2*z**2 + 2*z - 5/3*z**3 - 1/4*z**4 - 3. Give s(-5).
-3
Let b(f) be the third derivative of 0 + 1/24*f**4 + 0*f - 1/30*f**5 + 4*f**2 + 0*f**3. Let m = 0 + 2. Give b(m).
-6
Let p(h) be the third derivative of -h**5/60 + h**3/6 + 13*h**2. Calculate p(1).
0
Let z(i) = i**2 + 7*i - 8. Let w be z(-8). Suppose 2*x + 4 = -0*a + a, -10 = -5*a + 5*x. Let g(f) = a + 2 - f - 4. Determine g(w).
-2
Let d(y) = 10*y. Let c = -64 - -71. Let h(v) = 7*v - 4 + 4. Let k(s) = c*h(s) - 5*d(s). Determine k(-4).
4
Let p(f) be the first derivative of f**3/3 - f + 1. Suppose -5*v - 2*s - 2 = 0, 2*v = 2*s - 7*s - 5. Give p(v).
-1
Let j(t) be the first derivative of -t**4/4 + 2*t**3 + 4*t**2 - 4*t + 19. Determine j(7).
3
Suppose -5*m = -18 + 143. Let s = -22 - m. Let f(h) = 4*h - 4. Give f(s).
8
Suppose -5*o + 22 = -43. Let s = o + -11. Let p(m) = m**3 + 3*m**2 - 2*m - 1. Determine p(s).
15
Let h(s) = -s**3 - 4*s**2 - s. Let d be h(-4). Suppose -15 + 3 = -3*o - 3*g, 4*o = d*g - 16. Let n(i) = i + 2. Calculate n(o).
2
Let o(b) = -b**3 - 5*b**2 + 4*b - 2. Suppose 2*f + 0*f + 12 = 0. Calculate o(f).
10
Let l(p) = 5*p - 2. Let h(d) = 1. Let y(t) = 2*h(t) + l(t). Let s(g) = -g + 1. Let j be s(-2). Suppose -4*k + 5 - 14 = -w, 5*w + 4*k = -j. Give y(w).
5
Let f be (-5 - -6)*(1 - -1). Let n(j) = -6*j**2 - 4 + j**3 + j**2 - j**f. What is n(6)?
-4
Let d be (-3)/6*1/(3/(-18)). Let c(o) be the third derivative of o**6/120 - o**5/30 - o**4/24 + o**3/6 - 2*o**2. Determine c(d).
7
Let y(i) = -i**3 - i**2 + i + 1. Let t be y(0). Let l = t + 0. Let u(p) = 3*p**3 - 7*p**2 - p + 12*p**2 - 4*p**2. What is u(l)?
3
Let t(a) be the second derivative of 0 + 2/3*a**3 - 1/2*a**2 - 3*a + 1/24*a**4. Let h(k) be the first derivative of t(k). Determine h(-4).
0
Let f(t) = -5*t**3 - 8*t**2 + 25*t - 3. Let q(w) = -w**3 - 2*w**2 + 6*w - 1. Let b(u) = 2*f(u) - 9*q(u). Let i be -1*(2 + 1) - -5. Determine b(i).
-5
Let m(f) = f - 2. Suppose 0 = 2*t + 4 + 4, i - 3*t = 18. Give m(i).
4
Let s be 3 - (-27)/(1 - 4). Let h(g) =